{"id":22,"date":"2017-01-30T13:11:53","date_gmt":"2017-01-30T12:11:53","guid":{"rendered":"https:\/\/www.gynimun.cz\/gynimun-intim-protect\/?page_id=22"},"modified":"2021-01-05T17:23:09","modified_gmt":"2021-01-05T16:23:09","slug":"pro-odborniky","status":"publish","type":"page","link":"https:\/\/www.gynimun.cz\/gynium\/pro-odborniky\/","title":{"rendered":"Pro odborn\u00edky"},"content":{"rendered":"\r\n<p>&nbsp;<\/p>\r\n\r\n\r\n<section  class='av_textblock_section av-dvhvu-c1022602fc492b953d7d8df1489d7cb6 '   itemscope=\"itemscope\" itemtype=\"https:\/\/schema.org\/CreativeWork\" ><div class='avia_textblock'  itemprop=\"text\" ><h2>Vybran\u00e9 studie<\/h2>\n<p>Vyberte si studii podle tematick\u00e9ho okruhu. Kliknut\u00edm na tla\u010d\u00edtko se V\u00e1m zobraz\u00ed pouze studie z tohoto okruhu. U ka\u017ed\u00e9 studie m\u00e1te mo\u017enost st\u00e1hnout si ji ve form\u00e1tu PDF. <\/p>\n<\/div><\/section> \n<style type=\"text\/css\" data-created_by=\"avia_inline_auto\" id=\"style-css-av-dm42q-0963d081498e3b4fabb8d7136b297ce2\">\n.flex_column.av-dm42q-0963d081498e3b4fabb8d7136b297ce2{\nborder-radius:0px 0px 0px 0px;\npadding:0px 0px 0px 0px;\n}\n<\/style>\n<div  class='flex_column av-dm42q-0963d081498e3b4fabb8d7136b297ce2 av_one_full  avia-builder-el-1  el_after_av_textblock  el_before_av_one_fifth  first flex_column_div av-zero-column-padding  column-top-margin'     ><section  class='av_textblock_section av-crpjy-4d612929fd980d8af58743776ad7f675 '   itemscope=\"itemscope\" itemtype=\"https:\/\/schema.org\/CreativeWork\" ><div class='avia_textblock'  itemprop=\"text\" ><p style=\"text-align: center;\"><a id=\"btn-all\" class=\"btn-study avia-button avia-icon_select-no avia-color-wh avia-size-large\" href=\"#\">Zobrazit v\u0161e<\/a><\/p>\n<\/div><\/section><\/div> \n<style type=\"text\/css\" data-created_by=\"avia_inline_auto\" id=\"style-css-av-ccgha-3ad0f083c804e2c1b3ea974b146ebcc2\">\n.flex_column.av-ccgha-3ad0f083c804e2c1b3ea974b146ebcc2{\nborder-radius:0px 0px 0px 0px;\npadding:0px 0px 0px 0px;\n}\n<\/style>\n<div  class='flex_column av-ccgha-3ad0f083c804e2c1b3ea974b146ebcc2 av_one_fifth  avia-builder-el-3  el_after_av_one_full  el_before_av_one_fifth  first flex_column_div av-zero-column-padding  column-top-margin'     ><section  class='av_textblock_section av-brqey-2fcc9a692c5a2cae21b278c529727143 '   itemscope=\"itemscope\" itemtype=\"https:\/\/schema.org\/CreativeWork\" ><div class='avia_textblock'  itemprop=\"text\" ><p style=\"text-align: center;\"><a id=\"btn-vaginoza\" class=\"btn-study avia-button avia-icon_select-no avia-color-green avia-size-large\" href=\"#\"> Bakteri\u00e1ln\u00ed vagin\u00f3za<\/a><\/p>\n<\/div><\/section><\/div> \n<style type=\"text\/css\" data-created_by=\"avia_inline_auto\" id=\"style-css-av-14ltm-eb214da2d850acbee378bdd26d97914d\">\n.flex_column.av-14ltm-eb214da2d850acbee378bdd26d97914d{\nborder-radius:0px 0px 0px 0px;\npadding:0px 0px 0px 0px;\n}\n<\/style>\n<div  class='flex_column av-14ltm-eb214da2d850acbee378bdd26d97914d av_one_fifth  avia-builder-el-5  el_after_av_one_fifth  el_before_av_one_fifth  flex_column_div av-zero-column-padding  column-top-margin'     ><section  class='av_textblock_section av-aesoq-056d9744121e96a6e88a65108e537a3f '   itemscope=\"itemscope\" itemtype=\"https:\/\/schema.org\/CreativeWork\" ><div class='avia_textblock'  itemprop=\"text\" ><p style=\"text-align: center;\"><a id=\"btn-adheze\" class=\"btn-study avia-button avia-icon_select-no avia-color-grey avia-size-large\" href=\"#\">Adheze<\/a><\/p>\n<\/div><\/section><\/div> \n<style type=\"text\/css\" data-created_by=\"avia_inline_auto\" id=\"style-css-av-9litu-a2347a84e0ccdca52f7c28a71f392340\">\n.flex_column.av-9litu-a2347a84e0ccdca52f7c28a71f392340{\nborder-radius:0px 0px 0px 0px;\npadding:0px 0px 0px 0px;\n}\n<\/style>\n<div  class='flex_column av-9litu-a2347a84e0ccdca52f7c28a71f392340 av_one_fifth  avia-builder-el-7  el_after_av_one_fifth  el_before_av_one_fifth  flex_column_div av-zero-column-padding  column-top-margin'     ><section  class='av_textblock_section av-xru2-f3c3fe34fadaaac1bf2b470b5db98df7 '   itemscope=\"itemscope\" itemtype=\"https:\/\/schema.org\/CreativeWork\" ><div class='avia_textblock'  itemprop=\"text\" ><p style=\"text-align: center;\"><a id=\"btn-kandidoza\" class=\"btn-study avia-button avia-icon_select-no avia-color-orange avia-size-large\" href=\"#\">Kandid\u00f3za<\/a><\/p>\n<\/div><\/section><\/div> \n<style type=\"text\/css\" data-created_by=\"avia_inline_auto\" id=\"style-css-av-8qp3u-bbffb28edc5b63039d41b1b12990e145\">\n.flex_column.av-8qp3u-bbffb28edc5b63039d41b1b12990e145{\nborder-radius:0px 0px 0px 0px;\npadding:0px 0px 0px 0px;\n}\n<\/style>\n<div  class='flex_column av-8qp3u-bbffb28edc5b63039d41b1b12990e145 av_one_fifth  avia-builder-el-9  el_after_av_one_fifth  el_before_av_one_fifth  flex_column_div av-zero-column-padding  column-top-margin'     ><section  class='av_textblock_section av-848gq-df4fe0bcf28385714964b4da85431f3c '   itemscope=\"itemscope\" itemtype=\"https:\/\/schema.org\/CreativeWork\" ><div class='avia_textblock'  itemprop=\"text\" ><p style=\"text-align: center;\"><a id=\"btn-kolonizace\" class=\"btn-study avia-button avia-icon_select-no avia-color-blue avia-size-large\" href=\"#\">Kolonizace<\/a><\/p>\n<\/div><\/section><\/div> \n<style type=\"text\/css\" data-created_by=\"avia_inline_auto\" id=\"style-css-av-793pi-1aa00948e9b568376c735a88bb42b60c\">\n.flex_column.av-793pi-1aa00948e9b568376c735a88bb42b60c{\nborder-radius:0px 0px 0px 0px;\npadding:0px 0px 0px 0px;\n}\n<\/style>\n<div  class='flex_column av-793pi-1aa00948e9b568376c735a88bb42b60c av_one_fifth  avia-builder-el-11  el_after_av_one_fifth  el_before_av_textblock  flex_column_div av-zero-column-padding  column-top-margin'     ><section  class='av_textblock_section av-6w8z6-5455f1ae37768083224623b0d8e215d2 '   itemscope=\"itemscope\" itemtype=\"https:\/\/schema.org\/CreativeWork\" ><div class='avia_textblock'  itemprop=\"text\" ><p style=\"text-align: center;\"><a id=\"btn-ruptura\" class=\"btn-study avia-button avia-icon_select-no avia-color-red avia-size-large\" href=\"#\">P\u0159ed\u010dasn\u00e1 ruptura plodov\u00fdch obal\u016f<\/a><\/p>\n<\/div><\/section><\/div> <section  class='av_textblock_section av-66kwi-329431b4050de45663c76547dce8f8ce '   itemscope=\"itemscope\" itemtype=\"https:\/\/schema.org\/CreativeWork\" ><div class='avia_textblock'  itemprop=\"text\" ><div class=\"study vaginoza\">\n<h3><strong>Larsson P.G. et al. 2008.<\/strong><\/h3>\n<h3><em>\u201dHuman lactobacilli as supplementation of clindamycin to patients with Bacterial Vaginosis reduces the recurrence rate; a 6-month double blind randomized placebo-controlled study\u201d<\/em><\/h3>\n<h5>BMC Women\u2019s Health, 15. January 2008 doi:10.1186\/1472-6874-83 http:\/\/www.biomedcentral.com\/content\/pdf\/1472-6874-8-3.pdf<\/h5>\n<table>\n<colgroup>\n<col width=\"20%\" \/>\n<col width=\"20%\" \/>\n<col width=\"20%\" \/>\n<col width=\"20%\" \/>\n<col width=\"20%\" \/><\/colgroup>\n<tbody>\n<tr>\n<td>1) zlep\u0161en\u00ed \u00fa\u010dinnosti l\u00e9\u010dby po vagin\u00e1ln\u00ed terapii klindamycinem 2) Prodlou\u017een\u00ed intervalu k p\u0159\u00ed\u0161t\u00edmu relapsu po p\u0159el\u00e9\u010den\u00ed.<\/td>\n<td>(6-m\u011bs\u00ed\u010dn\u00ed) dvojit\u011b slep\u00e1, randomizovan\u00e1, placebem-kontrolovan\u00e1 GCP studie s \u017eenami s diagn\u00f3zou bakteri\u00e1ln\u00ed vagin\u00f3zy (Amsel krit\u00e9ria), (n=100). (V\u011bkov\u00e9 rozp\u011bt\u00ed 18-53)<\/td>\n<td>Jedna kapsle denn\u011b, 4 x 10 dn\u00ed.<\/td>\n<td>Po p\u0159id\u00e1n\u00ed laktobacil\u016f ke klindamycinov\u00e9 k\u00fa\u0159e (b\u011bhem t\u0159\u00ed menstrua\u010dn\u00edch cykl\u016f) do\u0161lo k signifikantn\u00edmu prodlou\u017een\u00ed intervalu k p\u0159\u00ed\u0161t\u00edmu relapsu. V\u00edce \u017een bylo po 6 m\u011bs\u00edc\u00edch bez pot\u00ed\u017e\u00ed.<\/td>\n<td style=\"text-align: center; vertical-align: middle;\">\n<style type=\"text\/css\" data-created_by=\"avia_inline_auto\" id=\"style-css-av-l9wu-4f411a83b9a4cd4d91ffaeea7e2e28b1\">\n.av_font_icon.av-l9wu-4f411a83b9a4cd4d91ffaeea7e2e28b1 .av-icon-char{\nfont-size:40px;\nline-height:40px;\nwidth:40px;\n}\n<\/style>\n<span  class='av_font_icon av-l9wu-4f411a83b9a4cd4d91ffaeea7e2e28b1 avia_animate_when_visible av-icon-style-border avia-icon-pos-center av-no-color avia-icon-animate'><a href='http:\/\/www.gynimun.cz\/gynimun-intim-protect\/wp-content\/uploads\/sites\/3\/2017\/02\/CF01_July15_rev2.pdf'  target=\"_blank\"  rel=\"noopener noreferrer\"  class='av-icon-char' aria-hidden='false' data-av_icon='\ue8b0' data-av_iconfont='entypo-fontello' data-avia-icon-tooltip=\" St\u00e1hnout PDF \"><\/a><\/span><\/td>\n<\/tr>\n<\/tbody>\n<\/table>\n<\/div>\n<div class=\"study vaginoza\">\n<h3><strong>Gr\u00f8nlund V.<\/strong><\/h3>\n<h3><em>\u201dEvaluation of the safety and efficacy of Ecovag<sup>\u00ae<\/sup> as treatment of patients diagnosed with Bacterial Vaginosis\u201c<\/em><\/h3>\n<h5>BMC Women\u2019s Health. 01. June 2005.<\/h5>\n<table>\n<colgroup>\n<col width=\"20%\" \/>\n<col width=\"20%\" \/>\n<col width=\"20%\" \/>\n<col width=\"20%\" \/>\n<col width=\"20%\" \/><\/colgroup>\n<tbody>\n<tr>\n<td>3) zlep\u0161en\u00ed p\u0159\u00edznak\u016f (vagin\u00e1ln\u00edch pot\u00ed\u017e\u00ed)<\/td>\n<td>(8-denn\u00ed) studie, \u017eeny s probl\u00e9my se sm\u00ed\u0161enou vagin\u00e1ln\u00ed infekc\u00ed (bakteri\u00e1ln\u00ed vagin\u00f3zou) &#8211; (n=25). V\u011bkov\u00e9 rozp\u011bt\u00ed 18-70)<\/td>\n<td>Jedna kapsle denn\u011b, 8 dn\u00ed.<\/td>\n<td>V\u011bt\u0161ina pacientek (80%) hl\u00e1\u0161ila zlep\u0161en\u00ed vagin\u00e1ln\u00edch pot\u00ed\u017e\u00ed. Zlep\u0161en\u00ed bylo ve v\u011bt\u0161in\u011b p\u0159\u00edpad\u016f dosa\u017eeno po 5-6 dnech. Jedna z 25 \u017een hl\u00e1sila nepatrn\u00e9 ne\u017e\u00e1douc\u00ed \u00fa\u010dinky.<\/td>\n<td style=\"text-align: center; vertical-align: middle;\">\n<style type=\"text\/css\" data-created_by=\"avia_inline_auto\" id=\"style-css-av-53cxy-dd8805557113b5948566e22348178927\">\n.av_font_icon.av-53cxy-dd8805557113b5948566e22348178927 .av-icon-char{\nfont-size:40px;\nline-height:40px;\nwidth:40px;\n}\n<\/style>\n<span  class='av_font_icon av-53cxy-dd8805557113b5948566e22348178927 avia_animate_when_visible av-icon-style-border avia-icon-pos-center av-no-color avia-icon-animate'><a href='http:\/\/www.gynimun.cz\/gynimun-intim-protect\/wp-content\/uploads\/sites\/3\/2017\/02\/CF02_July15_rev2.pdf'  target=\"_blank\"  rel=\"noopener noreferrer\"  class='av-icon-char' aria-hidden='false' data-av_icon='\ue8b0' data-av_iconfont='entypo-fontello' data-avia-icon-tooltip=\" St\u00e1hnout PDF \"><\/a><\/span><\/td>\n<\/tr>\n<\/tbody>\n<\/table>\n<\/div>\n<div class=\"study vaginoza\">\n<h3><strong>Stray-Petersen B.<\/strong><\/h3>\n<h3><em>\u201cEcovag<sup>\u00ae<\/sup> study investigating the effect of lactobacilli as treatment for Bacterial Vaginosis symptoms.&#8220;<\/em><\/h3>\n<h5>2003.<\/h5>\n<table>\n<colgroup>\n<col width=\"20%\" \/>\n<col width=\"20%\" \/>\n<col width=\"20%\" \/>\n<col width=\"20%\" \/>\n<col width=\"20%\" \/><\/colgroup>\n<tbody>\n<tr>\n<td>3) zlep\u0161en\u00ed p\u0159\u00edznak\u016f (vagin\u00e1ln\u00edch pot\u00ed\u017e\u00ed) 4) Bezprobl\u00e9mov\u00e9 a p\u0159\u00edjemn\u00e9 u\u017e\u00edv\u00e1n\u00ed produktu<\/td>\n<td>(7-denn\u00ed) interven\u010dn\u00ed studie, \u017eeny trp\u00edc\u00ed sm\u00ed\u0161enou vagin\u00e1ln\u00ed infekc\u00ed (bakteri\u00e1ln\u00ed vagin\u00f3zou). N\u00e1sledn\u00e9 sledov\u00e1n\u00ed (klinick\u00e9 vy\u0161et\u0159en\u00ed a dotazn\u00edk) 2-3 t\u00fddny po l\u00e9\u010db\u011b (n=21).<\/td>\n<td>Jedna kapsle denn\u011b, 7 dn\u00ed.<\/td>\n<td>A majority of participants in this study,( 19 out of 21 or 90%) reported that the Bacterial Vaginosis symptoms disappeared during the treatment with lactobacilli\/Ecovag<sup>\u00ae<\/sup> suppositories. The improvements were in most cases obtained within a few days. 20 out of 21 patients found the suppositories very user friendly and were very pleased. 1 patient found them hard to apply.<\/td>\n<td style=\"text-align: center; vertical-align: middle;\">\n<style type=\"text\/css\" data-created_by=\"avia_inline_auto\" id=\"style-css-av-fj1m-8d85661e60f6d59bfa5833268fbd7c48\">\n.av_font_icon.av-fj1m-8d85661e60f6d59bfa5833268fbd7c48 .av-icon-char{\nfont-size:40px;\nline-height:40px;\nwidth:40px;\n}\n<\/style>\n<span  class='av_font_icon av-fj1m-8d85661e60f6d59bfa5833268fbd7c48 avia_animate_when_visible av-icon-style-border avia-icon-pos-center av-no-color avia-icon-animate'><a href='http:\/\/www.gynimun.cz\/gynimun-intim-protect\/wp-content\/uploads\/sites\/3\/2017\/02\/CF03_July15_rev2.pdf'  target=\"_blank\"  rel=\"noopener noreferrer\"  class='av-icon-char' aria-hidden='false' data-av_icon='\ue8b0' data-av_iconfont='entypo-fontello' data-avia-icon-tooltip=\" St\u00e1hnout PDF \"><\/a><\/span><\/td>\n<\/tr>\n<\/tbody>\n<\/table>\n<\/div>\n<div class=\"study adheze \">\n<h3><strong>Br\u00f8nstad G.&amp; E Brandsborg;<\/strong><\/h3>\n<h3><em>\u201cIn Vitro Colonization of Ecovag<sup>\u00ae<\/sup> strain: IN VITRO Adherence of Ecovag<sup>\u00ae<\/sup> probiotic strains to vaginal epithelial cells (VEC) and cultures Caco-2 cells.&#8220;<\/em><\/h3>\n<h5>25.11.2002; Patent no : (WO 03\/080813 A2); 02.10.2003<\/h5>\n<table>\n<colgroup>\n<col width=\"20%\" \/>\n<col width=\"20%\" \/>\n<col width=\"20%\" \/>\n<col width=\"20%\" \/>\n<col width=\"20%\" \/><\/colgroup>\n<tbody>\n<tr>\n<td>5) V\u00fdborn\u00e1 IN VITRO adherence kmen\u016f produktu Ecovag<sup>\u00ae<\/sup>.<\/td>\n<td>IN VITRO studie probiotick\u00fdch kmen\u016f p\u0159\u00edpravku Ecovag<sup>\u00ae<\/sup>. Vy\u0161et\u0159en\u00ed adhezn\u00edch schopnost\u00ed k vagin\u00e1ln\u00edmu epitelu a bu\u0148k\u00e1m CACO-2 probiotick\u00fdmi kmeny p\u0159\u00edpravku Ecovag<sup>\u00ae<\/sup> ve srovn\u00e1n\u00ed s Lactobacillem GG.<\/td>\n<td>\u00a0<\/td>\n<td>Byl proveden IN VITRO test adherence probiotick\u00fdch laktobacil\u016f 3 kmen\u016f. Skoro 30% kmene PB01 po jedn\u00e9 hodin\u011b adherovalo, versus 20% kmene EB-01 a pouze 10% Lactobacilla GG.<\/td>\n<td style=\"text-align: center; vertical-align: middle;\">\n<style type=\"text\/css\" data-created_by=\"avia_inline_auto\" id=\"style-css-av-4221i-0915880cb1cf1417b9c0f5cfc98bf31c\">\n.av_font_icon.av-4221i-0915880cb1cf1417b9c0f5cfc98bf31c .av-icon-char{\nfont-size:40px;\nline-height:40px;\nwidth:40px;\n}\n<\/style>\n<span  class='av_font_icon av-4221i-0915880cb1cf1417b9c0f5cfc98bf31c avia_animate_when_visible av-icon-style-border avia-icon-pos-center av-no-color avia-icon-animate'><a href='http:\/\/www.gynimun.cz\/gynimun-intim-protect\/wp-content\/uploads\/sites\/3\/2017\/02\/SF01_July15_rev2.pdf'  target=\"_blank\"  rel=\"noopener noreferrer\"  class='av-icon-char' aria-hidden='false' data-av_icon='\ue8b0' data-av_iconfont='entypo-fontello' data-avia-icon-tooltip=\" St\u00e1hnout PDF \"><\/a><\/span><\/td>\n<\/tr>\n<\/tbody>\n<\/table>\n<\/div>\n<div class=\"study kolonizace vaginoza\">\n<h3><strong>Larsson P.G et al;<\/strong><\/h3>\n<h3><em>\u201cExtended antimicrobial treatment of bacterial Vaginosis combined with human lactobacilli to find the best treatment and minimize the risk of relapses\u201c<\/em><\/h3>\n<h5>BMC Infectious Diseases. 2011; 11: 223 http:\/\/www.biomedcentral.com\/1471-2334\/11\/223.<\/h5>\n<table>\n<colgroup>\n<col width=\"20%\" \/>\n<col width=\"20%\" \/>\n<col width=\"20%\" \/>\n<col width=\"20%\" \/>\n<col width=\"20%\" \/><\/colgroup>\n<tbody>\n<tr>\n<td>1) zlep\u0161en\u00ed \u00fa\u010dinnosti l\u00e9\u010dby po vagin\u00e1ln\u00ed terapii antibiotiky. 6) IN VIVO kolonizace kmeny produktu Ecovag<sup>\u00ae<\/sup>.<\/td>\n<td>(3-m\u011bs\u00ed\u010dn\u00ed) l\u00e9\u010debn\u00e1 studie s \u017eenami s diagn\u00f3zou bakteri\u00e1ln\u00ed vagin\u00f3zy dle Amsel krit\u00e9ri\u00ed. Kontroln\u00ed vy\u0161et\u0159en\u00ed po 6, 12 a 24 m\u011bs\u00edc\u00edch. (n=63, 9 \u00fa\u010dastnic dost\u00e1valo Ecovag<sup>\u00ae<\/sup>)<\/td>\n<td>Jedna kapsle denn\u011b, 2&#215;5 dn\u00ed.<\/td>\n<td>V\u011bt\u0161ina pacientek (89%, neboli 8 z 9), kter\u00e9 dostaly Ecovag<sup>\u00ae<\/sup> po antibiotick\u00e9 l\u00e9\u010db\u011b, byly zbaveny symptom\u016f bakteri\u00e1ln\u00ed vagin\u00f3zy dle Amsel krit\u00e9ri\u00ed. P\u0159i 6-m\u011bs\u00ed\u010dn\u00ed kontrole z\u016fstalo bez pot\u00ed\u017e\u00ed 8 z 9, p\u0159i 12-m\u011bs\u00ed\u010dn\u00ed kontrole 7 z 8, p\u0159i 24-m\u011bs\u00ed\u010dn\u00ed kontrole 5 z 8. Kolonization libovoln\u00fdm laktobacilem byla pozorov\u00e1na u 17 ze 43 \u00fa\u010dastnic, kter\u00e9 dostaly intravagin\u00e1ln\u00ed laktobacily. Pacientky, kter\u00e9 dostaly Ecovag<sup>\u00ae<\/sup>, byly kolonizov\u00e1ny kmenem L. ramnosus 14870 v 6 z 8 p\u0159\u00edpad\u016f. Kmen perzistoval u t\u0159\u00ed pacientek v\u00edce ne\u017e 2 m\u011bs\u00edce a asi 2 t\u00fddny po zastaven\u00ed adninistrace a\u017e do m\u011bs\u00edce 3 a 5 u dal\u0161\u00edch dvou pacientek.<\/td>\n<td style=\"text-align: center; vertical-align: middle;\">\n<style type=\"text\/css\" data-created_by=\"avia_inline_auto\" id=\"style-css-av-3frkm-ce58dcc98e44c52219b512d4a3bcd6a0\">\n.av_font_icon.av-3frkm-ce58dcc98e44c52219b512d4a3bcd6a0 .av-icon-char{\nfont-size:40px;\nline-height:40px;\nwidth:40px;\n}\n<\/style>\n<span  class='av_font_icon av-3frkm-ce58dcc98e44c52219b512d4a3bcd6a0 avia_animate_when_visible av-icon-style-border avia-icon-pos-center av-no-color avia-icon-animate'><a href='http:\/\/www.gynimun.cz\/gynimun-intim-protect\/wp-content\/uploads\/sites\/3\/2017\/02\/CF04_July15_rev2.pdf'  target=\"_blank\"  rel=\"noopener noreferrer\"  class='av-icon-char' aria-hidden='false' data-av_icon='\ue8b0' data-av_iconfont='entypo-fontello' data-avia-icon-tooltip=\" St\u00e1hnout PDF \"><\/a><\/span><\/td>\n<\/tr>\n<\/tbody>\n<\/table>\n<\/div>\n<div class=\"study kandidoza vaginoza\">\n<h3><strong>LSK Europharma;<\/strong><\/h3>\n<h3><em>\u201cEcovag survey on 996 women in the Philippines in 2013, with the objective to create awareness of Ecovag<sup>\u00ae<\/sup> and gather data on how doctors and patients perceive the product through actual experience\u201d<\/em><\/h3>\n<h5>2013.<\/h5>\n<table>\n<colgroup>\n<col width=\"20%\" \/>\n<col width=\"20%\" \/>\n<col width=\"20%\" \/>\n<col width=\"20%\" \/>\n<col width=\"20%\" \/><\/colgroup>\n<tbody>\n<tr>\n<td>3) zlep\u0161en\u00ed p\u0159\u00edznak\u016f (vagin\u00e1ln\u00edch pot\u00ed\u017e\u00ed)<\/td>\n<td>(10-denn\u00ed) sledov\u00e1n\u00ed pod\u00e1v\u00e1n\u00ed p\u0159\u00edpravku Ecovag<sup>\u00ae<\/sup> u \u017een s r\u016fzn\u00fdmi vagin\u00e1ln\u00edmi obt\u00ed\u017eemi. Ecovag<sup>\u00ae<\/sup> byl pod\u00e1v\u00e1n jako adjuvantn\u00ed podpora (n=996).<\/td>\n<td>Jedna kapsle denn\u011b, 10 dn\u00ed.<\/td>\n<td>V\u00fdsledky nazna\u010duj\u00ed, \u017ee Ecovag<sup>\u00ae<\/sup> v kombinaci s tradi\u010dn\u00edmi l\u00e9ky na vagin\u00e1ln\u00ed infekce m\u016f\u017ee pomoci k rychl\u00e9 \u00falev\u011b od vagin\u00e1ln\u00edho dyskomfortu p\u0159i bakteri\u00e1ln\u00ed vagin\u00f3ze, kvasinkov\u00e9 infekci, infekci Trichomonas vaginalis nebo kandid\u00f3ze.<\/td>\n<td style=\"text-align: center; vertical-align: middle;\">\n<style type=\"text\/css\" data-created_by=\"avia_inline_auto\" id=\"style-css-av-2tj6q-dbf6e085ecf7584b7ff00073c7dfad8e\">\n.av_font_icon.av-2tj6q-dbf6e085ecf7584b7ff00073c7dfad8e .av-icon-char{\nfont-size:40px;\nline-height:40px;\nwidth:40px;\n}\n<\/style>\n<span  class='av_font_icon av-2tj6q-dbf6e085ecf7584b7ff00073c7dfad8e avia_animate_when_visible av-icon-style-border avia-icon-pos-center av-no-color avia-icon-animate'><a href='http:\/\/www.gynimun.cz\/gynimun-intim-protect\/wp-content\/uploads\/sites\/3\/2017\/02\/CF05_oct15_rev03.pdf'  target=\"_blank\"  rel=\"noopener noreferrer\"  class='av-icon-char' aria-hidden='false' data-av_icon='\ue8b0' data-av_iconfont='entypo-fontello' data-avia-icon-tooltip=\" St\u00e1hnout PDF \"><\/a><\/span><\/td>\n<\/tr>\n<\/tbody>\n<\/table>\n<\/div>\n<div class=\"study kolonizace kandidoza vaginoza\">\n<h3><strong>Pendhakar S et al<\/strong><\/h3>\n<h3><em>\u201d Vaginal colonization by probiotic lactobacilli and clinical outcome in women conventionally treated for bacterial vaginosis and yeast infection\u201d<\/em><\/h3>\n<h5>BMC Journal of infectious disease.<\/h5>\n<table>\n<colgroup>\n<col width=\"20%\" \/>\n<col width=\"20%\" \/>\n<col width=\"20%\" \/>\n<col width=\"20%\" \/>\n<col width=\"20%\" \/><\/colgroup>\n<tbody>\n<tr>\n<td>1) zlep\u0161en\u00ed \u00fa\u010dinnosti l\u00e9\u010dby bakteri\u00e1ln\u00ed vagin\u00f3zy po antibiotick\u00e9 l\u00e9\u010db\u011b 1) zlep\u0161en\u00ed \u00fa\u010dinnosti l\u00e9\u010dby VVC (vulvo-vagin\u00e1ln\u00ed kandid\u00f3zy) kombinac\u00ed flukonazolu s produktem EcoVag<sup>\u00ae<\/sup> 6) IN VIVO kolonizace kmeny EcoVag<sup>\u00ae<\/sup><\/td>\n<td>12-m\u011bs\u00ed\u010dn\u00ed otev\u0159en\u00e1 studie s \u017eenami s bakteri\u00e1ln\u00ed vagin\u00f3zou dle Amstel krit\u00e9ri\u00ed (n=10), v\u011bkov\u00e9 rozp\u011bt\u00ed: 26-49 12-m\u011bs\u00ed\u010dn\u00ed kontrolovan\u00e1 studie s \u017eenami s diagn\u00f3zou VVC (vulvo-vagin\u00e1ln\u00ed kandid\u00f3zy). Sledov\u00e1n\u00ed po 6 a 12 m\u011bs\u00edc\u00edch (n=30), v\u011bkov\u00e9 rozp\u011bt\u00ed: 22-43.<\/td>\n<td>Jedna kapsle denn\u011b, 2&#215;5 dn\u00ed.<\/td>\n<td>V\u00fdsledky t\u011bchto dvou studi\u00ed nazna\u010duj\u00ed, \u017ee p\u0159el\u00e9\u010den\u00ed infekc\u00ed antibiotikem\/antimykotikem v kombinaci s produktem EcoVag<sup>\u00ae<\/sup> d\u00e1v\u00e1 dlouhodob\u00e9 v\u00fdsledky v l\u00e9\u010db\u011b BV (bakteri\u00e1ln\u00ed vagnin\u00f3zy) a R-VVC (recidivuj\u00edc\u00ed vulvo-vagin\u00e1ln\u00ed kandid\u00f3zy). V\u00fdsledek l\u00e9\u010dby R-VVC byl 70% p\u0159i 12-m\u011bs\u00ed\u010dn\u00ed kontrole, v\u00fdsledek l\u00e9\u010dby BV byl 69% p\u0159i 6-m\u011bs\u00ed\u010dn\u00ed a 12-m\u011bs\u00ed\u010dn\u00ed kontrole. Tento v\u00fdsledek je lep\u0161\u00ed ne\u017e v\u00fdsledky v\u011bt\u0161iny publikovan\u00fdch studi\u00ed, kter\u00e9 dosahovaly p\u0159i 6-m\u011bs\u00ed\u010dn\u00ed kontrole cca 40% \u00fasp\u011b\u0161nost. V\u00fdsledek 12-m\u011bs\u00ed\u010dn\u00ed kontroly v\u0161ak je porovnateln\u00fd s p\u0159ede\u0161lou studi\u00ed s p\u0159\u00edpravkem Ecovag<sup>\u00ae<\/sup> (viz CF-01). U \u017een s vyl\u00e9\u010denou BV byla po 6 m\u011bs\u00edc\u00edch pozorov\u00e1na signifikantn\u011b vy\u0161\u0161\u00ed kolonizace laktobacily a kmeny EcoVag<sup>\u00ae<\/sup> oproti nevyl\u00e9\u010den\u00fdm \u017een\u00e1m s relapsem. D\u00e1le byla po pod\u00e1n\u00ed antibiotik spolu s produktem EcoVag<sup>\u00ae<\/sup> pozorov\u00e1na signifikantn\u011b vy\u0161\u0161\u00ed kolonizace laktobacily u vyl\u00e9\u010den\u00fdch oproti nevyl\u00e9\u010den\u00fdm: frekvence izolace kmen\u016f EcoVag<sup>\u00ae<\/sup> byla vy\u0161\u0161\u00ed u vyl\u00e9\u010den\u00fdch \u017een (33\/55, 61%) ne\u017e u \u017een s relapsem (8\/32, 25%, p&lt;0,01). D\u00e1le v\u0161echny vzorky vyl\u00e9\u010den\u00fdch \u017een (54, 100%) obsahovaly laktobacily, oproti 25\/32 (78%) vzork\u016fm \u017een s relapsy (p&lt;0,001).<\/td>\n<td style=\"text-align: center; vertical-align: middle;\">\n<style type=\"text\/css\" data-created_by=\"avia_inline_auto\" id=\"style-css-av-28pne-831dfa5c9a6dd894d92a52545c609fcf\">\n.av_font_icon.av-28pne-831dfa5c9a6dd894d92a52545c609fcf .av-icon-char{\nfont-size:40px;\nline-height:40px;\nwidth:40px;\n}\n<\/style>\n<span  class='av_font_icon av-28pne-831dfa5c9a6dd894d92a52545c609fcf avia_animate_when_visible av-icon-style-border avia-icon-pos-center av-no-color avia-icon-animate'><a href='http:\/\/www.gynimun.cz\/gynimun-intim-protect\/wp-content\/uploads\/sites\/3\/2017\/02\/CF06A_Sept15_rev1.pdf'  target=\"_blank\"  rel=\"noopener noreferrer\"  class='av-icon-char' aria-hidden='false' data-av_icon='\ue8b0' data-av_iconfont='entypo-fontello' data-avia-icon-tooltip=\" St\u00e1hnout PDF \"><\/a><\/span><\/td>\n<\/tr>\n<\/tbody>\n<\/table>\n<\/div>\n<div class=\"study ruptura \">\n<h3><strong>George J. Daskalakis, Alexis K. Karambelas<\/strong><\/h3>\n<h3><em>\u201dVaginal Probioitc Administration in the Management of Preterm Premature Rupture of Membranes\u201d<\/em><\/h3>\n<h5>Fetal Diagnosis and Therapy, published October 15, 2016<\/h5>\n<table>\n<colgroup>\n<col width=\"20%\" \/>\n<col width=\"20%\" \/>\n<col width=\"20%\" \/>\n<col width=\"20%\" \/>\n<col width=\"20%\" \/><\/colgroup>\n<tbody>\n<tr>\n<td>7) prodlou\u017een\u00ed obdob\u00ed latence, zv\u00fd\u0161en\u00ed gesta\u010dn\u00edho v\u011bku a zv\u00fd\u0161en\u00e1 porodn\u00ed v\u00e1ha.<\/td>\n<td>Randomizovan\u00e1 klinick\u00e1 studie s PPROM (pod\u00e1na antibiotika nebo antibiotika plus Ecovag<sup>\u00ae<\/sup> na 10 dn\u00ed). N=106<\/td>\n<td>Jedna kapsle denn\u011b, 10 dn\u00ed.<\/td>\n<td>P\u0159id\u00e1n\u00ed produktu Ecovag<sup>\u00ae<\/sup> ke standardn\u00edmu antibiotick\u00e9mu sch\u00e9matu signifikantn\u011b prodlou\u017eilo obdob\u00ed latence, co\u017e vedlo ke zv\u00fd\u0161en\u00ed gesta\u010dn\u00edho v\u011bku o 3 t\u00fddny a zv\u00fd\u0161en\u00e9 porodn\u00ed v\u00e1ze. Novorozenci s t\u00edmto re\u017eimem m\u011bli men\u0161\u00ed riziko nutnosti pobytu na NJIP, krat\u0161\u00ed \u010das hospitalizace a men\u0161\u00ed pot\u0159ebu aplikace kysl\u00edku.<\/td>\n<td style=\"text-align: center; vertical-align: middle;\">\n<style type=\"text\/css\" data-created_by=\"avia_inline_auto\" id=\"style-css-av-1knlm-d65140d1989cc58742d7ff42165b57a1\">\n.av_font_icon.av-1knlm-d65140d1989cc58742d7ff42165b57a1 .av-icon-char{\nfont-size:40px;\nline-height:40px;\nwidth:40px;\n}\n<\/style>\n<span  class='av_font_icon av-1knlm-d65140d1989cc58742d7ff42165b57a1 avia_animate_when_visible av-icon-style-border avia-icon-pos-center av-no-color avia-icon-animate'><a href='http:\/\/www.gynimun.cz\/gynimun-intim-protect\/wp-content\/uploads\/sites\/3\/2017\/02\/CR07_Nov16_rev1.pdf'  target=\"_blank\"  rel=\"noopener noreferrer\"  class='av-icon-char' aria-hidden='false' data-av_icon='\ue8b0' data-av_iconfont='entypo-fontello' data-avia-icon-tooltip=\" St\u00e1hnout PDF \"><\/a><\/span><\/td>\n<\/tr>\n<\/tbody>\n<\/table>\n<\/div>\n<\/div><\/section> <\/p>\n","protected":false},"excerpt":{"rendered":"<p>&nbsp;<\/p>\n","protected":false},"author":1,"featured_media":0,"parent":0,"menu_order":0,"comment_status":"closed","ping_status":"closed","template":"","meta":{"footnotes":""},"class_list":["post-22","page","type-page","status-publish","hentry"],"aioseo_notices":[],"_links":{"self":[{"href":"https:\/\/www.gynimun.cz\/gynium\/wp-json\/wp\/v2\/pages\/22","targetHints":{"allow":["GET"]}}],"collection":[{"href":"https:\/\/www.gynimun.cz\/gynium\/wp-json\/wp\/v2\/pages"}],"about":[{"href":"https:\/\/www.gynimun.cz\/gynium\/wp-json\/wp\/v2\/types\/page"}],"author":[{"embeddable":true,"href":"https:\/\/www.gynimun.cz\/gynium\/wp-json\/wp\/v2\/users\/1"}],"replies":[{"embeddable":true,"href":"https:\/\/www.gynimun.cz\/gynium\/wp-json\/wp\/v2\/comments?post=22"}],"version-history":[{"count":65,"href":"https:\/\/www.gynimun.cz\/gynium\/wp-json\/wp\/v2\/pages\/22\/revisions"}],"predecessor-version":[{"id":474,"href":"https:\/\/www.gynimun.cz\/gynium\/wp-json\/wp\/v2\/pages\/22\/revisions\/474"}],"wp:attachment":[{"href":"https:\/\/www.gynimun.cz\/gynium\/wp-json\/wp\/v2\/media?parent=22"}],"curies":[{"name":"wp","href":"https:\/\/api.w.org\/{rel}","templated":true}]}}