{"id":518,"date":"2021-01-05T17:31:20","date_gmt":"2021-01-05T16:31:20","guid":{"rendered":"https:\/\/www.gynimun.cz\/gynimun-rapid\/?page_id=518"},"modified":"2021-01-06T11:29:02","modified_gmt":"2021-01-06T10:29:02","slug":"slozeni","status":"publish","type":"page","link":"https:\/\/www.gynimun.cz\/gynimun-rapid\/slozeni\/","title":{"rendered":"Slo\u017een\u00ed"},"content":{"rendered":"\n<style type=\"text\/css\" data-created_by=\"avia_inline_auto\" id=\"style-css-av-kjk7qiaa-d679a1dc3b545a32a423326142cf125f\">\n#top .av_textblock_section.av-kjk7qiaa-d679a1dc3b545a32a423326142cf125f .avia_textblock{\ncolor:#0a0303;\n}\n<\/style>\n<section  class='av_textblock_section av-kjk7qiaa-d679a1dc3b545a32a423326142cf125f '   itemscope=\"itemscope\" itemtype=\"https:\/\/schema.org\/CreativeWork\" ><div class='avia_textblock av_inherit_color'  itemprop=\"text\" ><table class=\"rapidtable\">\n<thead>\n<tr>\n<th>ingredient<\/th>\n<th>zkratka<\/th>\n<th>mg<\/th>\n<\/tr>\n<\/thead>\n<tbody>\n<tr>\n<td>kyselina borit\u00e1<\/td>\n<td>BA<\/td>\n<td>300<\/td>\n<\/tr>\n<tr>\n<td>policarbophil<\/td>\n<td>PCP<\/td>\n<td>60<\/td>\n<\/tr>\n<tr>\n<td>kyselina 18-\u03b2-glycyrrhetinov\u00e1<\/td>\n<td>GA<\/td>\n<td>15<\/td>\n<\/tr>\n<tr>\n<td>hyaluron\u00e1t sodn\u00fd<\/td>\n<td>HA<\/td>\n<td>10<\/td>\n<\/tr>\n<tr>\n<td>tea tree oil<\/td>\n<td>TTO<\/td>\n<td>2<\/td>\n<\/tr>\n<tr>\n<td>kyselina ml\u00e9\u010dn\u00e1<\/td>\n<td>LA<\/td>\n<td>qs do pH 3,5<\/td>\n<\/tr>\n<tr>\n<td>pomocn\u00e9 l\u00e1tky<\/td>\n<td><\/td>\n<td>qs do 2000<\/td>\n<\/tr>\n<\/tbody>\n<\/table>\n<\/div><\/section>\n","protected":false},"excerpt":{"rendered":"","protected":false},"author":1,"featured_media":0,"parent":0,"menu_order":0,"comment_status":"closed","ping_status":"closed","template":"","meta":{"footnotes":""},"class_list":["post-518","page","type-page","status-publish","hentry"],"aioseo_notices":[],"_links":{"self":[{"href":"https:\/\/www.gynimun.cz\/gynimun-rapid\/wp-json\/wp\/v2\/pages\/518","targetHints":{"allow":["GET"]}}],"collection":[{"href":"https:\/\/www.gynimun.cz\/gynimun-rapid\/wp-json\/wp\/v2\/pages"}],"about":[{"href":"https:\/\/www.gynimun.cz\/gynimun-rapid\/wp-json\/wp\/v2\/types\/page"}],"author":[{"embeddable":true,"href":"https:\/\/www.gynimun.cz\/gynimun-rapid\/wp-json\/wp\/v2\/users\/1"}],"replies":[{"embeddable":true,"href":"https:\/\/www.gynimun.cz\/gynimun-rapid\/wp-json\/wp\/v2\/comments?post=518"}],"version-history":[{"count":5,"href":"https:\/\/www.gynimun.cz\/gynimun-rapid\/wp-json\/wp\/v2\/pages\/518\/revisions"}],"predecessor-version":[{"id":520,"href":"https:\/\/www.gynimun.cz\/gynimun-rapid\/wp-json\/wp\/v2\/pages\/518\/revisions\/520"}],"wp:attachment":[{"href":"https:\/\/www.gynimun.cz\/gynimun-rapid\/wp-json\/wp\/v2\/media?parent=518"}],"curies":[{"name":"wp","href":"https:\/\/api.w.org\/{rel}","templated":true}]}}